hen 757 is divided by 15?
7
What is the remainder when 93 is divided by 24?
21
Calculate the remainder when 125 is divided by 14.
13
What is the remainder when 4821 is divided by 13?
11
What is the remainder when 651 is divided by 279?
93
Calculate the remainder when 62 is divided by 19.
5
Calculate the remainder when 510 is divided by 96.
30
Calculate the remainder when 1580 is divided by 17.
16
Calculate the remainder when 222 is divided by 9.
6
What is the remainder when 536 is divided by 47?
19
What is the remainder when 27 is divided by 9?
0
What is the remainder when 314 is divided by 7?
6
Calculate the remainder when 2098 is divided by 124.
114
Calculate the remainder when 105 is divided by 35.
0
Calculate the remainder when 403 is divided by 45.
43
Calculate the remainder when 272 is divided by 11.
8
What is the remainder when 555 is divided by 31?
28
What is the remainder when 132 is divided by 27?
24
What is the remainder when 56 is divided by 12?
8
Calculate the remainder when 2859 is divided by 10.
9
What is the remainder when 283 is divided by 100?
83
What is the remainder when 334 is divided by 74?
38
What is the remainder when 258 is divided by 52?
50
What is the remainder when 695 is divided by 141?
131
What is the remainder when 839 is divided by 20?
19
Calculate the remainder when 610 is divided by 51.
49
What is the remainder when 1654 is divided by 23?
21
What is the remainder when 232 is divided by 18?
16
Calculate the remainder when 48 is divided by 27.
21
Calculate the remainder when 181 is divided by 9.
1
Calculate the remainder when 7137 is divided by 152.
145
What is the remainder when 27925 is divided by 261?
259
Calculate the remainder when 191 is divided by 39.
35
What is the remainder when 144 is divided by 71?
2
What is the remainder when 3612 is divided by 259?
245
Calculate the remainder when 162 is divided by 15.
12
What is the remainder when 127 is divided by 108?
19
What is the remainder when 196 is divided by 191?
5
What is the remainder when 400 is divided by 7?
1
Calculate the remainder when 39 is divided by 7.
4
Calculate the remainder when 294 is divided by 34.
22
Calculate the remainder when 98 is divided by 18.
8
What is the remainder when 768 is divided by 552?
216
What is the remainder when 30649 is divided by 51?
49
Calculate the remainder when 340 is divided by 18.
16
What is the remainder when 156 is divided by 40?
36
Calculate the remainder when 196 is divided by 112.
84
What is the remainder when 293 is divided by 273?
20
Calculate the remainder when 1312 is divided by 7.
3
What is the remainder when 115 is divided by 35?
10
Calculate the remainder when 50 is divided by 18.
14
What is the remainder when 8397 is divided by 227?
225
What is the remainder when 3821 is divided by 91?
90
What is the remainder when 3192 is divided by 168?
0
What is the remainder when 47 is divided by 1?
0
Calculate the remainder when 8044 is divided by 2680.
4
Calculate the remainder when 5792 is divided by 84.
80
Calculate the remainder when 145 is divided by 14.
5
What is the remainder when 1016 is divided by 51?
47
Calculate the remainder when 1985 is divided by 30.
5
Calculate the remainder when 79 is divided by 27.
25
Calculate the remainder when 674 is divided by 653.
21
What is the remainder when 279 is divided by 45?
9
Calculate the remainder when 666 is divided by 19.
1
What is the remainder when 783 is divided by 49?
48
Calculate the remainder when 154 is divided by 41.
31
Calculate the remainder when 2771 is divided by 44.
43
Calculate the remainder when 435 is divided by 214.
7
Calculate the remainder when 47 is divided by 16.
15
Calculate the remainder when 18 is divided by 13.
5
Calculate the remainder when 3 is divided by 2.
1
What is the remainder when 211 is divided by 103?
5
What is the remainder when 114 is divided by 99?
15
Calculate the remainder when 28 is divided by 21.
7
Calculate the remainder when 299 is divided by 28.
19
What is the remainder when 504 is divided by 102?
96
What is the remainder when 378 is divided by 312?
66
Calculate the remainder when 37737 is divided by 185.
182
What is the remainder when 62 is divided by 34?
28
What is the remainder when 4460 is divided by 14?
8
Calculate the remainder when 246 is divided by 117.
12
Calculate the remainder when 1021 is divided by 28.
13
Calculate the remainder when 745 is divided by 207.
124
Calculate the remainder when 1220 is divided by 30.
20
Calculate the remainder when 10489 is divided by 269.
267
What is the remainder when 93 is divided by 38?
17
What is the remainder when 19007 is divided by 132?
131
What is the remainder when 1833 is divided by 205?
193
What is the remainder when 1575 is divided by 64?
39
Calculate the remainder when 182 is divided by 49.
35
Calculate the remainder when 1588 is divided by 94.
84
What is the remainder when 373 is divided by 5?
3
Calculate the remainder when 91 is divided by 53.
38
Calculate the remainder when 1681 is divided by 99.
97
Calculate the remainder when 867 is divided by 62.
61
Calculate the remainder when 4592 is divided by 50.
42
What is the remainder when 243 is divided by 78?
9
What is the remainder when 594 is divided by 17?
16
Calculate the remainder when 47 is divided by 8.
7
Calculate the remainder when 335 is divided by 84.
83
What is the remainder when 112 is divided by 40?
32
Calculate the remainder when 2729 is divided by 2716.
13
Calculate the remainder when 455 is divided by 24.
23
What is the remainder when 2852 is divided by 9?
8
What is the remainder when 112 is divided by 14?
0
Calculate the remainder when 344 is divided by 53.
26
Calculate the remainder when 140 is divided by 73.
67
Calculate the remainder when 3722 is divided by 138.
134
Calculate the remainder when 2354 is divided by 77.
44
Calculate the remainder when 2094 is divided by 51.
3
What is the remainder when 86 is divided by 4?
2
What is the remainder when 2500 is divided by 132?
124
Calculate the remainder when 168 is divided by 65.
38
Calculate the remainder when 93 is divided by 8.
5
What is the remainder when 116 is divided by 39?
38
Calculate the remainder when 892 is divided by 179.
176
Calculate the remainder when 236 is divided by 79.
78
What is the remainder when 52 is divided by 50?
2
What is the remainder when 405 is divided by 34?
31
What is the remainder when 1049 is divided by 150?
149
Calculate the remainder when 443 is divided by 32.
27
Calculate the remainder when 393 is divided by 133.
127
Calculate the remainder when 2822 is divided by 83.
0
Calculate the remainder when 805 is divided by 62.
61
What is the remainder when 206 is divided by 9?
8
What is the remainder when 1601 is divided by 73?
68
What is the remainder when 785 is divided by 26?
5
What is the remainder when 195 is divided by 67?
61
What is the remainder when 204 is divided by 19?
14
What is the remainder when 80 is divided by 30?
20
What is the remainder when 134 is divided by 8?
6
Calculate the remainder when 2211 is divided by 79.
78
Calculate the remainder when 190 is divided by 39.
34
Calculate the remainder when 397 is divided by 78.
7
What is the remainder when 2959 is divided by 13?
8
What is the remainder when 469 is divided by 153?
10
Calculate the remainder when 108 is divided by 23.
16
What is the remainder when 363 is divided by 61?
58
What is the remainder when 159 is divided by 23?
21
Calculate the remainder when 15179 is divided by 92.
91
Calculate the remainder when 1320 is divided by 39.
33
What is the remainder when 197 is divided by 8?
5
Calculate the remainder when 124 is divided by 17.
5
What is the remainder when 189 is divided by 28?
21
What is the remainder when 151 is divided by 70?
11
Calculate the remainder when 457 is divided by 46.
43
Calculate the remainder when 215 is divided by 67.
14
What is the remainder when 672 is divided by 60?
12
Calculate the remainder when 1749 is divided by 40.
29
What is the remainder when 643 is divided by 46?
45
Calculate the remainder when 4518 is divided by 189.
171
Calculate the remainder when 117 is divided by 62.
55
What is the remainder when 1141 is divided by 561?
19
Calculate the remainder when 227 is divided by 227.
0
Calculate the remainder when 